{"id":3035,"date":"2023-05-30T22:03:20","date_gmt":"2023-05-30T20:03:20","guid":{"rendered":"https:\/\/monplanrenov.fr\/?page_id=3035"},"modified":"2026-03-26T10:59:11","modified_gmt":"2026-03-26T09:59:11","slug":"formulaire-mon-plan-renov-1","status":"publish","type":"page","link":"https:\/\/monplanrenov.fr\/index.php\/formulaire-mon-plan-renov-1\/","title":{"rendered":"Formulaire Mon Plan R\u00e9nov &#8211; 1"},"content":{"rendered":"\t\t<div data-elementor-type=\"wp-page\" data-elementor-id=\"3035\" class=\"elementor elementor-3035\" data-elementor-post-type=\"page\">\n\t\t\t\t\t\t\t\t\t<section class=\"elementor-section elementor-top-section elementor-element elementor-element-3e4c53f elementor-section-full_width elementor-section-height-min-height elementor-section-items-top elementor-section-height-default wpr-particle-no wpr-jarallax-no wpr-parallax-no wpr-sticky-section-no\" data-id=\"3e4c53f\" data-element_type=\"section\" data-settings=\"{&quot;shape_divider_bottom&quot;:&quot;curve&quot;,&quot;background_background&quot;:&quot;classic&quot;}\">\n\t\t\t\t\t<div class=\"elementor-shape elementor-shape-bottom\" data-negative=\"false\">\n\t\t\t<svg xmlns=\"http:\/\/www.w3.org\/2000\/svg\" viewBox=\"0 0 1000 100\" preserveAspectRatio=\"none\">\n    <path class=\"elementor-shape-fill\" d=\"M1000,4.3V0H0v4.3C0.9,23.1,126.7,99.2,500,100S1000,22.7,1000,4.3z\"\/>\n<\/svg>\t\t<\/div>\n\t\t\t\t\t<div class=\"elementor-container elementor-column-gap-default\">\n\t\t\t\t\t<div class=\"elementor-column elementor-col-100 elementor-top-column elementor-element elementor-element-7c86768\" data-id=\"7c86768\" data-element_type=\"column\">\n\t\t\t<div class=\"elementor-widget-wrap elementor-element-populated\">\n\t\t\t\t\t\t\t\t<div class=\"elementor-element elementor-element-125ae66 elementor-widget elementor-widget-heading\" data-id=\"125ae66\" data-element_type=\"widget\" data-widget_type=\"heading.default\">\n\t\t\t\t<div class=\"elementor-widget-container\">\n\t\t\t<style>\/*! elementor - v3.17.0 - 25-10-2023 *\/\n.elementor-heading-title{padding:0;margin:0;line-height:1}.elementor-widget-heading .elementor-heading-title[class*=elementor-size-]>a{color:inherit;font-size:inherit;line-height:inherit}.elementor-widget-heading .elementor-heading-title.elementor-size-small{font-size:15px}.elementor-widget-heading .elementor-heading-title.elementor-size-medium{font-size:19px}.elementor-widget-heading .elementor-heading-title.elementor-size-large{font-size:29px}.elementor-widget-heading .elementor-heading-title.elementor-size-xl{font-size:39px}.elementor-widget-heading .elementor-heading-title.elementor-size-xxl{font-size:59px}<\/style><h3 class=\"elementor-heading-title elementor-size-default\">Un chef de projet \u00e0 votre domicile<\/br> <b>gratuitement<\/b> et <b>sans engagement<\/b>.<\/h3>\t\t<\/div>\n\t\t\t\t<\/div>\n\t\t\t\t<div class=\"elementor-element elementor-element-def3036 elementor-widget elementor-widget-shortcode\" data-id=\"def3036\" data-element_type=\"widget\" data-widget_type=\"shortcode.default\">\n\t\t\t\t<div class=\"elementor-widget-container\">\n\t\t\t\t\t<div class=\"elementor-shortcode\"><style>\n    .ff_conv_app_3 { background-color: ; }.ff_conv_app_3 .ffc-counter-div span { color: rgb(0, 31, 55); }.ff_conv_app_3 .ffc-counter-div .counter-icon-span svg { fill: rgb(0, 31, 55) !important; }.ff_conv_app_3 .f-label-wrap, .ff_conv_app_3 .f-answer { color: rgb(0, 31, 55) !important; }.ff_conv_app_3 .f-label-wrap .f-key { border-color: rgb(0, 31, 55) !important; }.ff_conv_app_3 .f-label-wrap .f-key-hint { border-color: rgb(0, 31, 55) !important; }.ff_conv_app_3 .f-answer .f-radios-wrap ul li { background-color: rgba(0, 31, 55,0.1) !important; border: 1px solid rgb(0, 31, 55); }.ff_conv_app_3 .f-answer .f-radios-wrap ul li:focus { background-color: rgba(0, 31, 55,0.3) !important }.ff_conv_app_3 .f-answer .f-radios-wrap ul li:hover { background-color: rgba(0, 31, 55,0.3) !important }.ff_conv_app_3 .f-answer .f-radios-wrap ul li.f-selected .f-key { background-color: rgb(0, 31, 55) !important; color: white; }.ff_conv_app_3 .f-answer .f-radios-wrap ul li.f-selected .f-key-hint { background-color: rgb(0, 31, 55); }.ff_conv_app_3 .f-answer .f-radios-wrap ul li.f-selected svg { fill: rgb(0, 31, 55) !important; }.ff_conv_app_3 .f-answer input, .ff_conv_app_3 .f-answer textarea{ color: rgb(0, 31, 55) !important; box-shadow: rgb(0, 31, 55)  0px 1px; }.ff_conv_app_3 .f-answer input:focus, .ff_conv_app_3 .f-answer textarea:focus { box-shadow: rgb(0, 31, 55)  0px 2px !important; }.ff_conv_app_3 .f-answer textarea::placeholder, .ff_conv_app_3 .f-answer input::placeholder { color: rgb(0, 31, 55) !important; }.ff_conv_app_3 .text-success { color: rgb(0, 31, 55) !important; }.ff_conv_app_3 .f-answer .f-matrix-table tbody td { background-color: rgba(0, 31, 55,0.1); }.ff_conv_app_3 .f-answer .f-matrix-table input { border-color: rgba(0, 31, 55,0.8); }.ff_conv_app_3 .f-answer .f-matrix-table input.f-radio-control:checked::after { background-color: rgb(0, 31, 55); }.ff_conv_app_3 .f-answer .f-matrix-table input:focus::before { border-color: rgb(0, 31, 55); }.ff_conv_app_3 .f-answer .f-matrix-table input.f-checkbox-control:checked { background-color: rgb(0, 31, 55); }.ff_conv_app_3 .f-answer .f-matrix-table tbody tr::after { border-right-color: rgb(0, 31, 55); }.ff_conv_app_3 .f-answer .f-matrix-table .f-table-cell.f-row-cell { box-shadow: rgba(0, 31, 55,0.1) 0px 0px 0px 100vh inset; }.ff_conv_app_3 .f-answer .ff_file_upload_field_wrap { background-color: rgba(0, 31, 55,0.1); border-color: rgba(0, 31, 55,0.8); }.ff_conv_app_3 .f-answer .ff_file_upload_field_wrap:hover { background-color: rgba(0, 31, 55,0.3);}.ff_conv_app_3 .f-answer .ff_file_upload_field_wrap:focus-within { background-color: rgba(0, 31, 55,0.3); }.ff_conv_app_3 .f-answer .ff-upload-preview { border-color: rgba(0, 31, 55,0.8); }.ff_conv_app_3 .f-answer .ff-upload-preview .ff-upload-thumb { background-color: rgba(0, 31, 55,0.3); }.ff_conv_app_3 .f-answer .ff-upload-preview .ff-upload-details { border-left-color: rgba(0, 31, 55,0.8); }.ff_conv_app_3 .f-answer .ff-upload-preview .ff-upload-details .ff-el-progress { border-left-color: rgba(0, 31, 55,0.8); }.ff_conv_app_3 .f-answer .ff-upload-preview .ff-upload-details .ff-el-progress { background-color: rgba(0, 31, 55,0.1); }.ff_conv_app_3 .f-answer .ff-upload-preview .ff-upload-details .ff-el-progress .ff-el-progress-bar { background-color: rgb(0, 31, 55); }.ff_conv_app_3 .f-answer .f-star-wrap .f-star-field-wrap::before { background-color: rgb(0, 31, 55); }.ff_conv_app_3 .f-answer .f-star-wrap .f-star-field-wrap .f-star-field .f-star-field-star .symbolOutline { fill: rgb(0, 31, 55); }.ff_conv_app_3 .f-answer .f-star-wrap .f-star-field-wrap .f-star-field .f-star-field-rating { color: rgb(0, 31, 55); }.ff_conv_app_3 .f-answer .f-star-wrap .f-star-field-wrap.is-hovered .symbolFill { fill: rgba(0, 31, 55,0.1); }.ff_conv_app_3 .f-answer .f-star-wrap .f-star-field-wrap.is-selected .symbolFill { fill: rgb(0, 31, 55); }.ff_conv_app_3 .f-answer .f-payment-summary-wrap tbody td { background-color: rgba(0, 31, 55,0.1); }.ff_conv_app_3 .f-answer .f-payment-summary-wrap tfoot th { background-color: rgba(0, 31, 55,0.1); }.ff_conv_app_3 .f-answer .stripe-inline-holder { border-bottom: 1px solid rgb(0, 31, 55); }.ff_conv_app_3 .f-answer .StripeElement--focus { border-bottom: 2.5px solid rgb(0, 31, 55); }.ff_conv_app_3 .ff_conv_input .f-info { color: rgb(0, 31, 55); }.ff_conv_app_3 .f-answer .el-slider__runway {background-color: rgb(0, 31, 55);}.ff_conv_app_3 .fh2 .f-text { color: #191919; }.ff_conv_app_3 .fh2 .f-tagline, .ff_conv_app_3 .f-sub .f-help { color: rgba(25,25,25, 0.70); }.ff_conv_app_3 .fh2 .stripe-inline-header { color: #191919; }.ff_conv_app_3 .q-inner .o-btn-action, .ff_conv_app_3 .footer-inner-wrap .f-nav { background-color: #F00000; }.ff_conv_app_3 .q-inner .o-btn-action span, .ff_conv_app_3 .footer-inner-wrap .f-nav a { color: #FFFFFF; } .ff_conv_app_3 .f-enter .f-enter-desc { color: #F00000; }.ff_conv_app_3 .footer-inner-wrap .f-nav a svg { fill: #FFFFFF; }.ff_conv_app_3 .vff-footer .f-progress-bar { background-color: rgba(240,0,0, 0.3); }.ff_conv_app_3 .vff-footer .f-progress-bar-inner { background-color: #F00000; }.ff_conv_app_3 .q-inner .o-btn-action:hover { background-color: #F00000D6; }.ff_conv_app_3 .q-inner .o-btn-action:focus::after { border-radius: 6px; inset: -3px; box-shadow: #F00000 0px 0px 0px 2px; }.ff_conv_app_3 .f-answer .f-radios-wrap ul li.f-selected .f-key { color: ; }.ff_conv_app_3 .footer-inner-wrap .f-nav a.ffc_power { display: none !important; } .ff-btn-submit { background-color: #409EFF; color: #ffffff; }<\/style>\n<div class=\"ffc_conv_wrapper ffc_inline_form\">\n    <div class=\"frm-fluent-form ff_conv_app fluent_form_3 ff_conv_app_frame ff_conv_app_3 ffc_media_hide_mob_yes\" data-form_id=\"3\">\n        <div data-var_name=\"fluent_forms_global_var_1\" class=\"ffc_conv_form\" style=\"width: 100%\" id=\"ffc_app_instance_1\"><\/div>\n    <\/div>\n<\/div><\/div>\n\t\t\t\t<\/div>\n\t\t\t\t<\/div>\n\t\t\t\t\t<\/div>\n\t\t<\/div>\n\t\t\t\t\t\t\t<\/div>\n\t\t<\/section>\n\t\t\t\t\t\t\t<\/div>\n\t\t","protected":false},"excerpt":{"rendered":"<p>Un chef de projet \u00e0 votre domicile gratuitement et sans engagement.<\/p>\n","protected":false},"author":1,"featured_media":0,"parent":0,"menu_order":0,"comment_status":"closed","ping_status":"closed","template":"elementor_header_footer","meta":{"site-sidebar-layout":"no-sidebar","site-content-layout":"page-builder","ast-global-header-display":"","ast-main-header-display":"","ast-hfb-above-header-display":"","ast-hfb-below-header-display":"","ast-hfb-mobile-header-display":"","site-post-title":"disabled","ast-breadcrumbs-content":"","ast-featured-img":"disabled","footer-sml-layout":"","theme-transparent-header-meta":"enabled","adv-header-id-meta":"","stick-header-meta":"","header-above-stick-meta":"","header-main-stick-meta":"","header-below-stick-meta":""},"aioseo_notices":[],"yoast_head":"<!-- This site is optimized with the Yoast SEO plugin v21.4 - https:\/\/yoast.com\/wordpress\/plugins\/seo\/ -->\n<title>Formulaire Mon Plan R\u00e9nov - 1 - Mon Plan R\u00e9nov<\/title>\n<meta name=\"robots\" content=\"index, follow, max-snippet:-1, max-image-preview:large, max-video-preview:-1\" \/>\n<link rel=\"canonical\" href=\"https:\/\/monplanrenov.fr\/index.php\/formulaire-mon-plan-renov-1\/\" \/>\n<meta property=\"og:locale\" content=\"fr_FR\" \/>\n<meta property=\"og:type\" content=\"article\" \/>\n<meta property=\"og:title\" content=\"Formulaire Mon Plan R\u00e9nov - 1 - Mon Plan R\u00e9nov\" \/>\n<meta property=\"og:description\" content=\"Un chef de projet \u00e0 votre domicile gratuitement et sans engagement.\" \/>\n<meta property=\"og:url\" content=\"https:\/\/monplanrenov.fr\/index.php\/formulaire-mon-plan-renov-1\/\" \/>\n<meta property=\"og:site_name\" content=\"Mon Plan R\u00e9nov\" \/>\n<meta property=\"article:modified_time\" content=\"2026-03-26T09:59:11+00:00\" \/>\n<meta name=\"twitter:card\" content=\"summary_large_image\" \/>\n<meta name=\"twitter:label1\" content=\"Dur\u00e9e de lecture estim\u00e9e\" \/>\n\t<meta name=\"twitter:data1\" content=\"1 minute\" \/>\n<script type=\"application\/ld+json\" class=\"yoast-schema-graph\">{\"@context\":\"https:\/\/schema.org\",\"@graph\":[{\"@type\":\"WebPage\",\"@id\":\"https:\/\/monplanrenov.fr\/index.php\/formulaire-mon-plan-renov-1\/\",\"url\":\"https:\/\/monplanrenov.fr\/index.php\/formulaire-mon-plan-renov-1\/\",\"name\":\"Formulaire Mon Plan R\u00e9nov - 1 - Mon Plan R\u00e9nov\",\"isPartOf\":{\"@id\":\"https:\/\/monplanrenov.fr\/#website\"},\"datePublished\":\"2023-05-30T20:03:20+00:00\",\"dateModified\":\"2026-03-26T09:59:11+00:00\",\"breadcrumb\":{\"@id\":\"https:\/\/monplanrenov.fr\/index.php\/formulaire-mon-plan-renov-1\/#breadcrumb\"},\"inLanguage\":\"fr-FR\",\"potentialAction\":[{\"@type\":\"ReadAction\",\"target\":[\"https:\/\/monplanrenov.fr\/index.php\/formulaire-mon-plan-renov-1\/\"]}]},{\"@type\":\"BreadcrumbList\",\"@id\":\"https:\/\/monplanrenov.fr\/index.php\/formulaire-mon-plan-renov-1\/#breadcrumb\",\"itemListElement\":[{\"@type\":\"ListItem\",\"position\":1,\"name\":\"Accueil\",\"item\":\"https:\/\/monplanrenov.fr\/\"},{\"@type\":\"ListItem\",\"position\":2,\"name\":\"Formulaire Mon Plan R\u00e9nov &#8211; 1\"}]},{\"@type\":\"WebSite\",\"@id\":\"https:\/\/monplanrenov.fr\/#website\",\"url\":\"https:\/\/monplanrenov.fr\/\",\"name\":\"Mon Plan R\u00e9nov\",\"description\":\"Votre r\u00e9novation tout-en-un\",\"publisher\":{\"@id\":\"https:\/\/monplanrenov.fr\/#organization\"},\"potentialAction\":[{\"@type\":\"SearchAction\",\"target\":{\"@type\":\"EntryPoint\",\"urlTemplate\":\"https:\/\/monplanrenov.fr\/?s={search_term_string}\"},\"query-input\":\"required name=search_term_string\"}],\"inLanguage\":\"fr-FR\"},{\"@type\":\"Organization\",\"@id\":\"https:\/\/monplanrenov.fr\/#organization\",\"name\":\"Mon Plan R\u00e9nov\",\"url\":\"https:\/\/monplanrenov.fr\/\",\"logo\":{\"@type\":\"ImageObject\",\"inLanguage\":\"fr-FR\",\"@id\":\"https:\/\/monplanrenov.fr\/#\/schema\/logo\/image\/\",\"url\":\"https:\/\/monplanrenov.fr\/wp-content\/uploads\/2023\/04\/Logo-MonPlanRenov-FINAL-Carre.png\",\"contentUrl\":\"https:\/\/monplanrenov.fr\/wp-content\/uploads\/2023\/04\/Logo-MonPlanRenov-FINAL-Carre.png\",\"width\":1135,\"height\":795,\"caption\":\"Mon Plan R\u00e9nov\"},\"image\":{\"@id\":\"https:\/\/monplanrenov.fr\/#\/schema\/logo\/image\/\"}}]}<\/script>\n<!-- \/ Yoast SEO plugin. -->","yoast_head_json":{"title":"Formulaire Mon Plan R\u00e9nov - 1 - Mon Plan R\u00e9nov","robots":{"index":"index","follow":"follow","max-snippet":"max-snippet:-1","max-image-preview":"max-image-preview:large","max-video-preview":"max-video-preview:-1"},"canonical":"https:\/\/monplanrenov.fr\/index.php\/formulaire-mon-plan-renov-1\/","og_locale":"fr_FR","og_type":"article","og_title":"Formulaire Mon Plan R\u00e9nov - 1 - Mon Plan R\u00e9nov","og_description":"Un chef de projet \u00e0 votre domicile gratuitement et sans engagement.","og_url":"https:\/\/monplanrenov.fr\/index.php\/formulaire-mon-plan-renov-1\/","og_site_name":"Mon Plan R\u00e9nov","article_modified_time":"2026-03-26T09:59:11+00:00","twitter_card":"summary_large_image","twitter_misc":{"Dur\u00e9e de lecture estim\u00e9e":"1 minute"},"schema":{"@context":"https:\/\/schema.org","@graph":[{"@type":"WebPage","@id":"https:\/\/monplanrenov.fr\/index.php\/formulaire-mon-plan-renov-1\/","url":"https:\/\/monplanrenov.fr\/index.php\/formulaire-mon-plan-renov-1\/","name":"Formulaire Mon Plan R\u00e9nov - 1 - Mon Plan R\u00e9nov","isPartOf":{"@id":"https:\/\/monplanrenov.fr\/#website"},"datePublished":"2023-05-30T20:03:20+00:00","dateModified":"2026-03-26T09:59:11+00:00","breadcrumb":{"@id":"https:\/\/monplanrenov.fr\/index.php\/formulaire-mon-plan-renov-1\/#breadcrumb"},"inLanguage":"fr-FR","potentialAction":[{"@type":"ReadAction","target":["https:\/\/monplanrenov.fr\/index.php\/formulaire-mon-plan-renov-1\/"]}]},{"@type":"BreadcrumbList","@id":"https:\/\/monplanrenov.fr\/index.php\/formulaire-mon-plan-renov-1\/#breadcrumb","itemListElement":[{"@type":"ListItem","position":1,"name":"Accueil","item":"https:\/\/monplanrenov.fr\/"},{"@type":"ListItem","position":2,"name":"Formulaire Mon Plan R\u00e9nov &#8211; 1"}]},{"@type":"WebSite","@id":"https:\/\/monplanrenov.fr\/#website","url":"https:\/\/monplanrenov.fr\/","name":"Mon Plan R\u00e9nov","description":"Votre r\u00e9novation tout-en-un","publisher":{"@id":"https:\/\/monplanrenov.fr\/#organization"},"potentialAction":[{"@type":"SearchAction","target":{"@type":"EntryPoint","urlTemplate":"https:\/\/monplanrenov.fr\/?s={search_term_string}"},"query-input":"required name=search_term_string"}],"inLanguage":"fr-FR"},{"@type":"Organization","@id":"https:\/\/monplanrenov.fr\/#organization","name":"Mon Plan R\u00e9nov","url":"https:\/\/monplanrenov.fr\/","logo":{"@type":"ImageObject","inLanguage":"fr-FR","@id":"https:\/\/monplanrenov.fr\/#\/schema\/logo\/image\/","url":"https:\/\/monplanrenov.fr\/wp-content\/uploads\/2023\/04\/Logo-MonPlanRenov-FINAL-Carre.png","contentUrl":"https:\/\/monplanrenov.fr\/wp-content\/uploads\/2023\/04\/Logo-MonPlanRenov-FINAL-Carre.png","width":1135,"height":795,"caption":"Mon Plan R\u00e9nov"},"image":{"@id":"https:\/\/monplanrenov.fr\/#\/schema\/logo\/image\/"}}]}},"_links":{"self":[{"href":"https:\/\/monplanrenov.fr\/index.php\/wp-json\/wp\/v2\/pages\/3035"}],"collection":[{"href":"https:\/\/monplanrenov.fr\/index.php\/wp-json\/wp\/v2\/pages"}],"about":[{"href":"https:\/\/monplanrenov.fr\/index.php\/wp-json\/wp\/v2\/types\/page"}],"author":[{"embeddable":true,"href":"https:\/\/monplanrenov.fr\/index.php\/wp-json\/wp\/v2\/users\/1"}],"replies":[{"embeddable":true,"href":"https:\/\/monplanrenov.fr\/index.php\/wp-json\/wp\/v2\/comments?post=3035"}],"version-history":[{"count":85,"href":"https:\/\/monplanrenov.fr\/index.php\/wp-json\/wp\/v2\/pages\/3035\/revisions"}],"predecessor-version":[{"id":6535,"href":"https:\/\/monplanrenov.fr\/index.php\/wp-json\/wp\/v2\/pages\/3035\/revisions\/6535"}],"wp:attachment":[{"href":"https:\/\/monplanrenov.fr\/index.php\/wp-json\/wp\/v2\/media?parent=3035"}],"curies":[{"name":"wp","href":"https:\/\/api.w.org\/{rel}","templated":true}]}}